*n - n = 39, i - 5*n = t. What are the prime factors of i?
3, 5
Suppose 5*h = 5*i + 1130, -h + 3*i = 5*i - 214. List the prime factors of h.
2, 3, 37
Suppose -166 = -4*d - 30. List the prime factors of d.
2, 17
What are the prime factors of 1 + ((-4)/(-4) - -22)?
2, 3
Suppose -5*u + 5*y + 30 = 0, 0 = -5*u + 5*y - 3*y + 18. Suppose 0 = 2*p - 0*p, -3*s - u*p + 75 = 0. List the prime factors of s.
5
Suppose 4*q = -3*v + 28, -35 = -5*q + 5*v - 2*v. Suppose j + 4*g - 5 = 0, -3*j = 2*g - q*g + 36. Let d = 5 - j. What are the prime factors of d?
2, 3
Let b = -19 + 43. What are the prime factors of b?
2, 3
Let o = -1 + 17. List the prime factors of o.
2
Let j be (-4)/8 + 1/2. Suppose -2*h - 2*h + 36 = j. What are the prime factors of h?
3
Suppose -l + 5*l = 100. Let a = l - 12. List the prime factors of a.
13
Suppose -2*n - 1 = -9. Let f be ((-6)/8)/(n/(-32)). Suppose -55 = t - f*t. What are the prime factors of t?
11
Let c(t) = -t + 0 + 2 - 2 + 19*t**2. List the prime factors of c(1).
2, 3
Suppose 5*y - 5*f - 5 = 0, y - 8 = -2*y - 2*f. Let d(a) = 5*a - 4*a**y + 2 + 4 + 5*a**2. What are the prime factors of d(-6)?
2, 3
Suppose -a = 2*a - 75. Suppose -4*f + 96 = -3*j, -2*f + f + j + a = 0. Suppose f = k + 2*c, 0 - 10 = -2*c. What are the prime factors of k?
11
Let n = -7 + 12. Suppose n*f + 3 = 23. Suppose 5*j + t = -t + f, t = -3. List the prime factors of j.
2
Let p(l) = l**3 + 12*l**2 + 11*l + 9. List the prime factors of p(-11).
3
Suppose -5*x + 5 = -5, 0 = -4*l + x + 14. Suppose l*a - 8 = -0*a. List the prime factors of a.
2
What are the prime factors of 1*2*-42*-1?
2, 3, 7
Suppose -5*s = -0*s - 3*g - 350, 4*g + 70 = s. List the prime factors of s.
2, 5, 7
Suppose 7*s - 149 - 1489 = 0. List the prime factors of s.
2, 3, 13
List the prime factors of 14 + 1 + 7 + -10.
2, 3
Let w = 9 - 5. Suppose 2*k = 0, w*h - 6*k - 32 = -k. Suppose -h = -2*b + 2*j, -4*b + 22 = -0*b - 2*j. List the prime factors of b.
7
Let z(c) = 5*c**2 + 3*c. Let d(b) = -b**2 + b + 1. Let u(o) = -4*d(o) - z(o). What are the prime factors of u(-6)?
2
Let n = -11 + 36. List the prime factors of n.
5
Suppose 5*j = -0*j + 180. Suppose 0 = -7*s + 3*s + j. List the prime factors of s.
3
Let i(b) = b + 2. Let n be i(0). Suppose f - n = -0*f. Suppose 5*j - 2*p = 8 + 13, 0 = f*p + 6. List the prime factors of j.
3
Let o = -5 - -8. Let k = -2 - -5. Suppose -2*j = -k*b - 1 - 2, -b - 8 = -o*j. What are the prime factors of j?
3
Let r(z) = -z**3 + 12*z**2 + 6*z + 6. List the prime factors of r(12).
2, 3, 13
Let m(d) = -1. Let p(v) = -3*v - 8. Let j(i) = -5*m(i) + p(i). Let c be 28/(-10) - (-3)/(-15). What are the prime factors of j(c)?
2, 3
Let l = 36 - -7. What are the prime factors of l?
43
Let p = -6 + 15. List the prime factors of p.
3
Suppose -b - 4 = 4. List the prime factors of (3/1 + b)*-10.
2, 5
Suppose -6*v - 5*z = -2*v - 49, 0 = -5*v - z + 56. What are the prime factors of v?
11
Let w(q) = q**3 + 9*q**2 - 11*q + 4. Let t be (-1)/(2 - (-9)/(-6)). Let c(j) = -2*j**2 + j. Let i be c(t). List the prime factors of w(i).
2, 7
Suppose -2 = 4*k + 26. What are the prime factors of (-1)/(-2)*(-434)/k?
31
Let j be 3/6 - 18/(-4). Let g = 8 - j. What are the prime factors of (-12)/g*2/(-4)?
2
Let q be 0/2 + 2 + 1. Suppose q*f + 5*l - 1 + 10 = 0, f + 10 = -4*l. What are the prime factors of f?
2
Suppose l = 3, 3 = -3*y + 2*l + l. List the prime factors of (y/(-4))/(4/(-64)).
2
Let l be -4*(-1)/(4/(-3)). Suppose 0 = h - 5 + 3. Let q = h - l. What are the prime factors of q?
5
Let j = 1 + 5. Suppose 0 = l + j - 0. List the prime factors of (6 - -2)/((-4)/l).
2, 3
What are the prime factors of 1/(3/(-438)*-2)?
73
Suppose -2*t + 3*t = 10. Suppose p = -2, 5*p - t = 5*i - 75. List the prime factors of i.
11
Let a = 28 + -25. List the prime factors of a.
3
Let y = 175 - 68. Let c = y - 75. What are the prime factors of c?
2
Let a(c) = -c**3 - 15*c**2 - 2*c + 23. List the prime factors of a(-15).
53
Suppose -72 = -2*a + 2*m + 236, -5*a = 3*m - 730. List the prime factors of a.
149
Suppose 5*x = -2*g + 3*g - 64, 3*x = 2*g - 135. What are the prime factors of g?
3, 23
Suppose 359 = 2*z + 6*g - g, z - 4*g = 173. List the prime factors of z.
3, 59
Let r be 4*((1 - -1) + -1). Suppose -n - 3*n + 2*m = -20, n + r = -4*m. Suppose -22 = -n*y + 18. What are the prime factors of y?
2, 5
Let o(s) = -4*s - 3 - 6 + 1 + 9. Let m = -1 - 2. What are the prime factors of o(m)?
13
Let j(k) = -k - 3. Let b be j(-8). Suppose 0 = -b*l + 5 + 15. Suppose -39 = -t + 5*d - 8, 3*d = l*t - 39. What are the prime factors of t?
2, 3
Let s = 4 + 7. What are the prime factors of s?
11
Suppose 4*t - t = 4*h - 74, t - 62 = -3*h. List the prime factors of 2/(((-6)/h)/(-3)).
2, 5
Let l = 5 - 2. Suppose 2*b = l*b + 9. Let a(v) = v**2 + 8*v + 7. List the prime factors of a(b).
2
Let w(x) = -x**3 - 17*x**2 - 19*x - 16. List the prime factors of w(-16).
2
Let y(z) = -2*z - 1. Let m be y(6). Suppose -3*o = -2*l + 27, -5*l - 20 = 4*o - 145. Let g = m + l. What are the prime factors of g?
2
Let v = 1 + 1. Suppose -3*s = 5*l - 37, 0*l - v*l - 5*s = -30. Suppose q + 2*z - z = 5, -65 = -4*q + l*z. What are the prime factors of q?
2, 5
What are the prime factors of ((-6)/(-7))/((-13)/(-1092))?
2, 3
Let i = -13 - -49. List the prime factors of i.
2, 3
Let a(s) = -s**3 - 3*s**2 + 6*s + 2. Suppose -m + 4*p = 0, -2*m - 4 - 1 = -3*p. Let x be a(m). Let g = x - -11. What are the prime factors of g?
5
Suppose -6*k + 2*k + 14 = -w, -5*k = -3*w - 14. Suppose -k*f = 5*u - 75, f + 2*u = -2*u + 16. List the prime factors of f.
2, 5
Suppose -2*p + 94 = 4*b, 2*p + 0 - 2 = 0. List the prime factors of b.
23
Let t be -1 + (0 - 9)/(-3). Suppose 5*c + 155 = w, c + 1 = -t. What are the prime factors of 2/(-3) + w/12?
11
Let i = -13 + 24. Suppose 0 = 6*q - i*q. Let l = q + 3. What are the prime factors of l?
3
Let l = 10 - -1. What are the prime factors of (l/2)/(1/2)?
11
Let o(t) = 6*t + 2. Suppose 4 = 2*y - 2. List the prime factors of o(y).
2, 5
Suppose 5*t = 4*t + 9. List the prime factors of t.
3
Let o be 2/8 + 21/(-4). What are the prime factors of 10*o/((-50)/4)?
2
What are the prime factors of 416/6 + (-5)/15?
3, 23
List the prime factors of -125*(-7 + 1 + 5).
5
Suppose -2*f = -t - 15, 3*t + 0*t = -3*f. Let j(u) = -u**2 + 5*u - 6. Let z be j(f). Let w = z + 18. What are the prime factors of w?
2, 3
Let g = 169 + -120. Let f = -31 + g. What are the prime factors of f?
2, 3
Suppose 2*x = -6*x + 1168. What are the prime factors of x?
2, 73
Let w(q) = -q**3 - 10*q**2 + 9. Let n(r) = 2*r**3 + 11*r**2 - r - 8. Let d(i) = -2*n(i) - 3*w(i). List the prime factors of d(8).
5
Suppose 5*c = 60 + 275. List the prime factors of c.
67
Let l(t) = 42*t**3 - t**2 + 1. What are the prime factors of l(1)?
2, 3, 7
Let d(g) be the second derivative of g**4/12 - 2*g**3/3 + g**2 + g. Let i be d(3). List the prime factors of (2 + 0)*3 + i.
5
Let t = 124 - -58. List the prime factors of t.
2, 7, 13
Let t(u) = -u**2 + 8*u - 8. Let z be t(6). What are the prime factors of (-750)/(-27) + z/18?
2, 7
Let g be 4/18 - (-4)/(-18). Suppose 3*r - 4*r - 22 = g. List the prime factors of r/(-8) - 9/12.
2
Suppose 0 = -5*g + 2*g + 9. Let n = g - 7. What are the prime factors of 6*-4*2/n?
2, 3
Suppose 16 + 44 = 5*f. Suppose -2*o = o - f. List the prime factors of o.
2
Let o = -21 - -33. Let t = 0 + o. What are the prime factors of t?
2, 3
Let l = -21 + 40. What are the prime factors of l?
19
Let t(p) = p**3 - 7*p**2 - p + 2. Let m be t(7). Let c(s) = s**2 + 3*s - 6. List the prime factors of c(m).
2
Let y(t) = -38*t + 16. Let f(j) = 13*j - 5. Let d(h) = -17*f(h) - 6*y(h). What are the prime factors of d(6)?
31
Let o(p) = p**3 - 16*p**2 - 16*p - 14. List the prime factors of o(17).
3
Let v be ((-2)/4)/((-4)/24). Let k(w) = 6*w + 3 - v + 4*w**2 - w**3. What are the prime factors of k(5)?
5
Let s = 1 + 5. Let w(j) = 2*j + j + 4 - 2*j. What are the prime factors of w(s)?
2, 5
Let g(v) = -v**2 + 16*v. What are the prime factors of g(13)?
3, 13
Suppose m + 2*d - 59 = 0, 0 = 4*m - 7*m - 5*d + 172. What are the prime factors of m?
7
Let v = 0 + 2. Suppose -v*j - 3*j = -50. List the prime factors of j.
2, 5
Let u = -40 - -71. What are the prime factors of u?
31
Suppose 0 = 4*b + 4*n - 116, 2*b = b + 4*n +